 when 12594 is divided by 26?
10
Calculate the remainder when 2704 is divided by 2702.
2
Calculate the remainder when 54 is divided by 19.
16
What is the remainder when 15231 is divided by 30?
21
Calculate the remainder when 76287 is divided by 512.
511
Calculate the remainder when 28433 is divided by 4059.
20
What is the remainder when 4666 is divided by 4?
2
What is the remainder when 35778 is divided by 11926?
0
Calculate the remainder when 37784 is divided by 2904.
32
What is the remainder when 3426 is divided by 540?
186
Calculate the remainder when 645188 is divided by 65.
63
What is the remainder when 77420 is divided by 980?
0
Calculate the remainder when 80226 is divided by 363.
3
What is the remainder when 108771 is divided by 108765?
6
What is the remainder when 1254445 is divided by 418145?
10
Calculate the remainder when 562634 is divided by 9.
8
What is the remainder when 6691 is divided by 509?
74
What is the remainder when 179657 is divided by 2763?
62
What is the remainder when 78590 is divided by 128?
126
Calculate the remainder when 26233 is divided by 6552.
25
Calculate the remainder when 108254 is divided by 16.
14
Calculate the remainder when 270898 is divided by 57.
34
What is the remainder when 16842781 is divided by 224?
221
Calculate the remainder when 1573 is divided by 330.
253
Calculate the remainder when 4269 is divided by 345.
129
Calculate the remainder when 5007 is divided by 30.
27
What is the remainder when 56700 is divided by 224?
28
What is the remainder when 16314 is divided by 656?
570
Calculate the remainder when 15988 is divided by 390.
388
What is the remainder when 3525 is divided by 62?
53
What is the remainder when 6516 is divided by 3084?
348
What is the remainder when 278581 is divided by 4?
1
What is the remainder when 44194 is divided by 59?
3
What is the remainder when 9657 is divided by 7?
4
Calculate the remainder when 53714 is divided by 340.
334
Calculate the remainder when 2370 is divided by 399.
375
What is the remainder when 3348 is divided by 121?
81
Calculate the remainder when 3517 is divided by 62.
45
What is the remainder when 470929 is divided by 11?
8
Calculate the remainder when 511366 is divided by 170449.
19
Calculate the remainder when 11580 is divided by 117.
114
Calculate the remainder when 4481 is divided by 4382.
99
Calculate the remainder when 550927 is divided by 55091.
17
Calculate the remainder when 1464752 is divided by 112673.
3
What is the remainder when 38803 is divided by 81?
4
Calculate the remainder when 344380 is divided by 3625.
5
Calculate the remainder when 5317 is divided by 330.
37
Calculate the remainder when 547135 is divided by 157.
147
Calculate the remainder when 1046 is divided by 520.
6
Calculate the remainder when 2932 is divided by 699.
136
Calculate the remainder when 48206 is divided by 131.
129
What is the remainder when 23228 is divided by 50?
28
What is the remainder when 4748 is divided by 4742?
6
What is the remainder when 1167293 is divided by 771?
770
What is the remainder when 1060689 is divided by 730?
729
What is the remainder when 4144482 is divided by 1883?
1882
What is the remainder when 15840 is divided by 1001?
825
What is the remainder when 117157 is divided by 232?
229
What is the remainder when 14075 is divided by 46?
45
Calculate the remainder when 2504 is divided by 267.
101
What is the remainder when 68127 is divided by 1099?
1088
What is the remainder when 4939 is divided by 23?
17
Calculate the remainder when 43947 is divided by 23.
17
What is the remainder when 2416 is divided by 379?
142
What is the remainder when 215 is divided by 47?
27
What is the remainder when 370336 is divided by 2024?
1968
What is the remainder when 96844 is divided by 50?
44
What is the remainder when 46043 is divided by 105?
53
What is the remainder when 278820 is divided by 14?
10
Calculate the remainder when 9071 is divided by 227.
218
What is the remainder when 9035 is divided by 1696?
555
What is the remainder when 25296 is divided by 2?
0
What is the remainder when 55296 is divided by 93?
54
Calculate the remainder when 35668 is divided by 218.
134
What is the remainder when 12570 is divided by 5?
0
Calculate the remainder when 968541 is divided by 864.
861
What is the remainder when 599 is divided by 396?
203
Calculate the remainder when 8108 is divided by 540.
8
What is the remainder when 148248 is divided by 68?
8
Calculate the remainder when 61041 is divided by 2.
1
What is the remainder when 2854 is divided by 87?
70
What is the remainder when 17022 is divided by 121?
82
Calculate the remainder when 35759 is divided by 39.
35
Calculate the remainder when 102166 is divided by 8.
6
What is the remainder when 5767 is divided by 21?
13
What is the remainder when 14863 is divided by 146?
117
What is the remainder when 59822 is divided by 9?
8
Calculate the remainder when 3633333 is divided by 267.
264
Calculate the remainder when 7262 is divided by 383.
368
What is the remainder when 26867 is divided by 343?
113
What is the remainder when 40277 is divided by 49?
48
What is the remainder when 1023 is divided by 150?
123
What is the remainder when 95324 is divided by 230?
104
Calculate the remainder when 26033 is divided by 8639.
116
What is the remainder when 6731 is divided by 37?
34
What is the remainder when 12818 is divided by 287?
190
What is the remainder when 52088 is divided by 291?
290
Calculate the remainder when 434 is divided by 276.
158
Calculate the remainder when 4665 is divided by 690.
525
Calculate the remainder when 187752 is divided by 187748.
4
What is the remainder when 74123 is divided by 318?
29
Calculate the remainder when 15835 is divided by 2565.
445
What is the remainder when 196382 is divided by 722?
720
Calculate the remainder when 6114 is divided by 1862.
528
What is the remainder when 688 is divided by 633?
55
Calculate the remainder when 3119 is divided by 1523.
73
Calculate the remainder when 454 is divided by 209.
36
What is the remainder when 2214 is divided by 298?
128
Calculate the remainder when 32590 is divided by 86.
82
Calculate the remainder when 168648 is divided by 106.
2
What is the remainder when 2338 is divided by 418?
248
What is the remainder when 28565 is divided by 307?
14
Calculate the remainder when 1798 is divided by 445.
18
Calculate the remainder when 544029 is divided by 12.
9
Calculate the remainder when 252636 is divided by 94.
58
What is the remainder when 4804 is divided by 482?
466
What is the remainder when 979 is divided by 27?
7
Calculate the remainder when 1429 is divided by 110.
109
What is the remainder when 1740 is divided by 16?
12
Calculate the remainder when 122229 is divided by 22.
19
What is the remainder when 44333 is divided by 83?
11
What is the remainder when 9513 is divided by 271?
28
Calculate the remainder when 17737 is divided by 633.
13
What is the remainder when 55402 is divided by 3460?
42
Calculate the remainder when 42243 is divided by 21108.
27
Calculate the remainder when 224816 is divided by 383.
378
Calculate the remainder when 88176 is divided by 17.
14
What is the remainder when 2436709 is divided by 23?
20
Calculate the remainder when 546076 is divided by 7.
6
Calculate the remainder when 190427 is divided by 63468.
23
Calculate the remainder when 9849 is divided by 4920.
9
What is the remainder when 21481 is divided by 21?
19
Calculate the remainder when 5846 is divided by 1399.
250
What is the remainder when 175767 is divided by 24?
15
Calculate the remainder when 1985 is divided by 304.
161
What is the remainder when 168963 is divided by 229?
190
Calculate the remainder when 3167 is divided by 102.
5
Calculate the remainder when 4736549 is divided by 119.
111
Calculate the remainder when 55688 is divided by 33.
17
What is the remainder when 554 is divided by 63?
50
What is the remainder when 3937 is divided by 1252?
181
Calculate the remainder when 14904 is divided by 3498.
912
What is the remainder when 7168 is divided by 44?
40
Calculate the remainder when 58357 is divided by 25.
7
What is the remainder when 1364 is divided by 104?
12
What is the remainder when 161447 is divided by 426?
419
What is the remainder when 14644 is divided by 71